t n(y) = 7*y**3 - 3*y**2 + 5*y + 41. Let c(a) = -4*a**3 + 2*a**2 - 3*a - 21. Let g(m) = -5*c(m) - 3*n(m). What is g(0)?
-18
Let h(f) = -24*f - f**3 - 6 + 8*f**2 + f**3 + f**3 + 32*f. Determine h(-7).
-13
Let t = 5 + -3. Let y(q) be the third derivative of 1/24*q**4 + 0*q + 0 - 1/60*q**5 + 2*q**2 - 1/3*q**3. Give y(t).
-4
Let y be (-2)/1*-1 + -2. Let d(r) = -3*r**2 - 4*r + 2*r**2 + y*r**2 + 2. What is d(-4)?
2
Let d(c) be the first derivative of -c**6/360 - c**5/30 + c**4/6 - 2*c**3 - 6. Let j(s) be the third derivative of d(s). Determine j(-6).
-8
Let f be (-30)/(-24)*1*4. Let m(r) = 4 - r + 2 + 1 - r**2. Let g(j) = j**2 + 2*j - 8. Let p(n) = f*m(n) + 4*g(n). Calculate p(4).
-1
Let v(z) = 4*z + 0*z**2 + 1 - 7*z - z**2 - 2. Give v(-2).
1
Let f(m) = -m**2 + 2*m - 1. Let b be f(2). Let k(p) = -5*p**2 + 9 - 8 + p - 2*p**2. Calculate k(b).
-7
Let u(x) = x**3 + 3*x**2 - 3*x + 1. Let z = -49 - -46. Determine u(z).
10
Let k(o) be the third derivative of o**8/20160 - o**7/2520 - o**6/240 - o**5/15 + 3*o**2. Let i(p) be the third derivative of k(p). Determine i(4).
5
Let i(p) = -p + 2 + 2 - 3. Let g = -8 - -11. Let c = g - -1. Give i(c).
-3
Let u(c) = -4*c**2 - 2. Let y(f) = -3*f**2 + f - 1. Let r(l) = -4*u(l) + 5*y(l). Determine r(-5).
3
Let u(z) = z + 12. Let p be u(-13). Let h(a) = -1 - 2 + 4 + 11*a**3. Give h(p).
-10
Let l(u) = -3*u - 2. Let z be 4*(28/8 - 4). Calculate l(z).
4
Let f(i) = i**3 + i**2 + i - 1. Let d(k) = -4*k**3 - 4*k**2 - 2*k + 4. Let a(m) = -d(m) - 3*f(m). What is a(0)?
-1
Let j(z) = -z**3 - 7*z**2 - 7*z - 9. Let x = 3 + 5. Let f = -3 + 3. Suppose -2*v - 4*p + x = p, v - 4*p + 22 = f. What is j(v)?
-3
Let o(v) = -2*v + 9 - 2*v**2 - 4*v + 3*v**2 - 2*v. What is o(8)?
9
Let z(n) = -n - n + 0*n + 4. Let q be (1 - ((-5)/(-5) - 2)) + 3. What is z(q)?
-6
Let t be -5 + 3/3 - 0. Let h(d) be the first derivative of -3*d**2/2 - 5*d - 10. Determine h(t).
7
Let h(v) = v**2 + 5*v - 8. Let n = -12 + 6. What is h(n)?
-2
Let i(z) be the first derivative of -z**4/4 - 7*z**3/3 - 4*z**2 - 6*z - 3. Let k(x) = x**3 + 3*x**2 - 3*x - 2. Let j be k(-4). Give i(j).
6
Let o(y) = 3*y**3 + 15*y**2 - y - 17. Let g be ((-6)/5)/((-4)/10). Let a(k) = 2*k**3 + 8*k**2 - k - 9. Let t(b) = g*o(b) - 5*a(b). Calculate t(5).
4
Let v(u) = 2*u**2 + u. Let r = 7 - 0. Suppose 3*h - 25 = 5*p, -r*p - 3*h = -2*p - 5. What is v(p)?
6
Let q(t) = -7*t**2 + 11*t - 17. Let b(m) = -8*m**2 + 11*m - 18. Let r(u) = -6*b(u) + 7*q(u). Determine r(9).
7
Suppose -3*l - 2 = -2*i, 2*l - 20 = -0*i - 4*i. Let t(g) = g**2 - 6*g + 9. Let d be t(6). Suppose l*m = -d + 1. Let v(c) = c + 2. What is v(m)?
-2
Let h(y) = -10*y**2 + 18*y + 25. Let d(o) = o**2 - 1. Let m(q) = 6*d(q) + h(q). Let t(w) = w**2 - 6*w - 6. Let z(g) = -2*m(g) - 7*t(g). Calculate z(-6).
4
Let i(s) = -7*s - 1. Let u(q) = -6*q - 2. Let r(l) = -5*i(l) + 6*u(l). Let f be (-2)/(-6 + 2)*0. Let y be -2 - (2 - (f - 0)). Determine r(y).
-3
Let c(y) be the third derivative of y**5/120 + y**4/24 + y**3/6 + y**2. Let a(k) be the first derivative of c(k). Calculate a(-5).
-4
Let i(m) = 2*m**2 - 6*m + 1. Let y be i(4). Suppose 0 = 4*f - 7*f - y, -5*k + 3*f = -4. Let x(z) = -3*z - z**2 + 3*z. What is x(k)?
-1
Let a(d) = -d**2 + d. Let t(l) = -2*l**2 + 2*l - 6. Let g(w) = -3*a(w) + t(w). Let f be (-10)/30 + (-1)/(-3). Calculate g(f).
-6
Let y = -11 + 8. Let b be -1 + -1*9/y. Let a(u) = 0 - 1 + 3*u**2 + 5*u**b - 3*u**2. Give a(1).
4
Let u(s) = -4*s**2 - 2*s + 3 + 0 - 2 - s**3 - 3. Give u(-4).
6
Let d(l) = 10*l**3 + l - 1. Suppose 3*p - 5*w = -2*w, 0 = 3*p - 2*w + 2. Let k be (2 + -1)/(p - -3). Determine d(k).
10
Let j(c) be the first derivative of -c**4/4 - c**3/3 - 3*c**2/2 - 2*c - 7. What is j(-2)?
8
Let w(k) = k**2 - 6*k + 3. Let m = -23 - -39. Suppose -7*s = -3*s + 4*h - 16, 4*h = s + m. Let v = s + 5. Determine w(v).
-2
Let k(d) be the second derivative of -1/12*d**4 + 5*d + 0*d**3 + 0 - 3/2*d**2. What is k(0)?
-3
Let x(r) = r - 6. Let i be 14/(-6)*(3 + -6). Let w be x(i). Let y be (-4)/(-6) + w/3. Let s(u) = u**3 - 1. What is s(y)?
0
Let c(i) = 4*i - 5*i + 248 - 249. Calculate c(-1).
0
Let l = -30 - -50. Suppose -2*r = -5*z - 12, -4*r + 0*r - l = z. Let v = z - -5. Let i(o) = 7*o**2 + o. What is i(v)?
8
Let a(l) = -49*l - 43. Let u(x) = 17*x + 15. Let t(n) = 6*a(n) + 17*u(n). Let i = -5 - -3. What is t(i)?
7
Let f(b) = -b**3 + 2*b**2 - 1. Let u = -122 - -120. Give f(u).
15
Let q be 49/42 + 2/(-2). Let w(h) be the second derivative of q*h**3 + 2*h + 0 + 2*h**2. Calculate w(-4).
0
Suppose 3*s + 2 + 1 = 0. Let m(v) be the second derivative of -v**5/20 + v**2/2 - 2*v. Let f(c) be the first derivative of m(c). Determine f(s).
-3
Suppose -2*u = -5*u + 6. Suppose w + 15 = -u*w. Let v(m) = 6 + m**2 + 6*m - 3 - 6. What is v(w)?
-8
Let p(r) = -3*r + 3. Let u = 175 + -172. What is p(u)?
-6
Let b(f) = -f - 1. Let m(h) be the first derivative of h**4/4 + h**3 + 3*h**2 + 4*h + 1. Let p(g) = 2*b(g) + m(g). What is p(-2)?
-2
Let z(r) = 1. Let h(k) = k**2 - 4*k. Let o(c) = h(c) - 3*z(c). Suppose p = -0 + 2. Suppose -6*l + 3*v = -p*l - 1, -21 = l - 5*v. Give o(l).
-3
Suppose 5*o - 17 - 13 = 0. Let t(n) = n**2 - 6*n + 2. Calculate t(o).
2
Let d(z) be the first derivative of z**2/2 + 5*z - 23. Let g = 1 - 1. Determine d(g).
5
Let w(k) be the third derivative of k**4/24 + 2*k**3/3 - k**2. Suppose 0*l + 5*l = -15. Determine w(l).
1
Let v(i) = -3 - 2 + 0 + 4. Let u(g) = -g + 5. Let s be 1*3/(-6)*-2. Let t(f) = s*u(f) + 5*v(f). Determine t(2).
-2
Let m(o) = -2*o - 1. Let j be (9 - 8)*(0 - (-2 + 1)). What is m(j)?
-3
Let t(i) = i**2 + 7*i + 6. Suppose 27 = m + 8. Let d = -9 + m. Let v = 6 - d. Give t(v).
-6
Let q(u) = 3*u**2 - 3*u + 2. Let n = 1 - -1. Suppose 15*t - n = 14*t. Give q(t).
8
Let u(n) be the second derivative of n**5/20 - n**4/3 + n**3/3 + n**2 + 6*n. What is u(3)?
-1
Suppose m - 2*l + l + 1 = 0, 2*m - 4 = -4*l. Let r(b) = 4*b - 6*b + m*b. Let x(t) = t**2 - 5*t + 2. Let y be x(5). Calculate r(y).
-4
Let k(v) = 8 + 0 + v**2 - 8. What is k(-1)?
1
Let r(n) = -5*n + 12. Let q(h) = -9*h + 23. Let y(j) = 4*q(j) - 7*r(j). Determine y(6).
2
Suppose 2*v = -25 + 31. Let c(i) = -i**3 + 3*i**2 + 3*i - 2. Determine c(v).
7
Let k(j) = -3*j**3 + 9*j**2 - 7*j + 4. Let s(w) = -w**3 + w**2. Let v(t) = -t**2 + 13*t - 14. Let p be v(12). Let h(u) = p*s(u) + k(u). Determine h(6).
-2
Let w(j) = -3*j**3 - 5*j**2 + 2*j - 6. Let v(p) = -13*p**3 - 21*p**2 + 8*p - 25. Let d(h) = -2*v(h) + 9*w(h). Give d(-4).
4
Let n(u) be the second derivative of u**4/12 - u**3/3 + u**2 + 2*u + 3. Determine n(1).
1
Let o(y) = -104*y - y**2 + 2 + 99*y + 9. Determine o(-8).
-13
Let v(j) = -20*j**2 + 7*j + 2. Let r(m) = 7*m**2 - 2*m - 1. Let u(b) = -17*r(b) - 6*v(b). Suppose 5*x + 9 + 6 = 5*q, 5*x = 15. Determine u(q).
-7
Let p(n) = -4*n**2 + 3*n - 2. Let i(s) = -s - 3*s**2 + 3*s - 1 + 0*s**2. Let g(f) = -3*i(f) + 2*p(f). Calculate g(0).
-1
Let r(m) = m**2 + m - 6. Let q be r(-3). Let z(w) = -w + 7. Determine z(q).
7
Let s(b) = b**3 + 5*b**2 + 2. Let m(c) = c + 9. Suppose -3*j + 4*j = -4. Let x be m(j). Let n be x/((-9)/3 - -2). Calculate s(n).
2
Suppose 5 = -2*u - 3. Suppose 4*r + 0 = 8. Let p(n) = -4*n - 8. Let i(a) = -a - 3. Let y(t) = r*p(t) - 7*i(t). Calculate y(u).
9
Let q(x) = 11*x**2 - x + 1. Let y = -1 - -2. Give q(y).
11
Let g(j) = -2*j**3 - j**2 - 3*j - 1. Suppose 0 = y + 5*o + 2, -4*y = -3*o + 4*o + 8. What is g(y)?
17
Suppose -7 = -3*x - 4*h - 28, 5*x - 5*h + 35 = 0. Let i(q) = -33 + 16 + q + q + 22. Give i(x).
-9
Let q(j) = 6*j**2 + j**3 - 3*j**2 - j**2. Let p = -10 - -10. Let u be -3 + (-2)/(-8)*p. Determine q(u).
-9
Suppose -2*q = q. Let i(j) = -j**2 - 10*j + 15. Let d be i(-11). Let u(p) = -d - p**2 + 3 + q*p**2 - p. What is u(-2)?
-3
Let n(j) = -219*j**2 + 2 - 3 - 9*j + 218*j**2. Determine n(-8).
7
Let o(w) = -2*w**3 + 2*w**2 - w - 2. Let t(q) = 2*q**3 - q**2 + q + 2. Let g(a) = -3*o(a) - 2*t(a). Calculate g(2).
4
Let g(l) = -l**2 + 6*l - 6. Let r be g(5). Let z(v) be the second derivative of 0 - 3/4*v**4 + 1/2*v**2 + 0*v**3 - 3*v. Calculate z(r).
-8
Suppose -4*r = 2*m - 7 + 1, 5*r - 30 = 2*m. Suppose -3*a + a + 2 = -3*n, n = -4*a + r. Let q(l) = -l**3 + l**2. Calculate q(n).
0
Let j(n) = 3*n - 1. Suppose -2*h - 3*s + 2 = -h, -s = 0. Suppose 4*t = h*u + 2, 5*u - 4*t = 3 + 4.